18319 (base 10) to base 8.
43617
What is -4510 (base 6) in base 8?
-2032
What is -103225 (base 7) in base 3?
-220121221
Convert -1165 (base 8) to base 6.
-2525
Convert -2a9 (base 13) to base 10.
-477
Convert -10000 (base 2) to base 7.
-22
-4112 (base 7) to base 3
-1221222
-414 (base 9) to base 7
-661
-2020201012 (base 3) to base 4
-22303202
What is -2776 (base 11) in base 13?
-1834
What is 3535 (base 11) in base 5?
122021
-2817 (base 15) to base 9
-12674
What is 4c4 (base 15) in base 9?
1434
-4225 (base 9) to base 13
-1547
What is 316a (base 11) in base 10?
4190
What is 17b (base 15) in base 16?
155
Convert -10010 (base 2) to base 9.
-20
What is -1c28 (base 16) in base 3?
-100212222
133033 (base 5) to base 6
40545
-10122111 (base 4) to base 11
-12637
Convert 89d (base 15) to base 5.
30243
Convert 3221 (base 4) to base 7.
452
34356 (base 9) to base 6
253553
52668 (base 11) to base 3
10220011112
Convert -2a52 (base 11) to base 9.
-5345
Convert 326 (base 14) to base 15.
2b7
-13a6 (base 12) to base 6
-14330
-10111111011000 (base 2) to base 14
-466c
Convert 1222003 (base 4) to base 3.
100022101
What is 113231 (base 4) in base 11?
115a
What is -2140 (base 6) in base 13?
-2bb
What is 20720 (base 8) in base 6?
104024
What is -c36 (base 14) in base 7?
-6666
What is -bd4 (base 14) in base 9?
-3182
48699 (base 10) to base 8
137073
Convert 118a (base 11) to base 16.
60e
What is 8570 (base 12) in base 10?
14628
-251 (base 10) to base 15
-11b
Convert 117 (base 13) to base 15.
c9
What is 2000222 (base 3) in base 10?
1484
100011011 (base 2) to base 16
11b
Convert -1812 (base 9) to base 14.
-712
-2024331 (base 5) to base 11
-22953
Convert -4277 (base 8) to base 3.
-10001221
What is 1a40 (base 15) in base 3?
21210120
6b55 (base 12) to base 7
50015
Convert 100111011 (base 2) to base 13.
1b3
Convert 88d (base 14) to base 4.
122131
-10324 (base 5) to base 7
-2040
Convert -3124 (base 5) to base 15.
-1c9
What is 1121 (base 4) in base 6?
225
Convert -86784 (base 9) to base 7.
-326440
Convert 313324 (base 5) to base 16.
28e0
111110 (base 5) to base 16
f41
What is -42559 (base 10) in base 8?
-123077
Convert 14434 (base 5) to base 13.
749
What is -22031 (base 4) in base 14?
-349
Convert 2087 (base 13) to base 3.
20011212
22112210 (base 3) to base 6
44503
181 (base 12) to base 9
287
What is -365 (base 9) in base 8?
-456
Convert 73a (base 11) to base 8.
1572
What is -e2e (base 15) in base 8?
-6172
What is -21392 (base 11) in base 6?
-355513
What is -161d (base 15) in base 4?
-1022101
161 (base 12) to base 10
217
Convert 46c (base 14) to base 9.
1177
505311 (base 6) to base 7
224560
What is 210 (base 3) in base 7?
30
What is -202456 (base 7) in base 5?
-2101122
What is aa4 (base 15) in base 5?
34104
What is -2029 (base 12) in base 8?
-6641
Convert -7abb (base 15) to base 3.
-1022201212
What is -9a1d (base 14) in base 4?
-12200323
What is -235 (base 13) in base 4?
-11332
What is -53a (base 14) in base 10?
-1032
What is 31232 (base 6) in base 8?
10144
What is 111000000 (base 2) in base 16?
1c0
What is 4c82 (base 16) in base 5?
1111321
Convert -1024125 (base 6) to base 10.
-50165
-1030130 (base 4) to base 15
-16b2
What is 1810 (base 15) in base 9?
7106
1470 (base 8) to base 9
1115
What is -3a9d (base 16) in base 7?
-61514
Convert -100210211 (base 3) to base 13.
-3340
What is -7ba5 (base 12) in base 8?
-32755
What is -6853 (base 13) in base 9?
-22024
-1488 (base 10) to base 8
-2720
-21002 (base 3) to base 5
-1231
Convert 11200 (base 3) to base 9.
150
What is 201143 (base 6) in base 12?
91b3
Convert 1010111 (base 2) to base 7.
153
Convert 14607 (base 10) to base 6.
151343
What is 10714 (base 10) in base 15?
3294
-40 (base 8) to base 15
-22
Convert -1323312 (base 4) to base 15.
-2536
What is -281 (base 12) in base 3?
-112021
Convert -1015212 (base 6) to base 13.
-1947b
Convert 649 (base 14) to base 12.
875
Convert -101020213 (base 4) to base 5.
-4221213
What is -3311001 (base 4) in base 13?
-71a3
Convert 11122112202 (base 3) to base 13.
32873
12248 (base 9) to base 2
10000000100001
Convert -596 (base 15) to base 3.
-1201220
-2011002 (base 4) to base 11
-6440
92a0 (base 11) to base 5
343311
What is -11196 (base 10) in base 14?
-411a
2731 (base 9) to base 3
2211001
Convert -761d (base 15) to base 8.
-60653
What is 34045 (base 9) in base 7?
123002
What is 1032 (base 12) in base 14?
902
What is da8b (base 16) in base 8?
155213
1111000101010 (base 2) to base 8
17052
Convert 11001011010110 (base 2) to base 13.
5c01
Convert 7cd3 (base 14) to base 13.
9b89
What is 1409 (base 10) in base 8?
2601
What is 225 (base 6) in base 10?
89
Convert -3764 (base 9) to base 3.
-10212011
82c8 (base 13) to base 7
103464
What is -15616 (base 7) in base 2?
-1000101000111
What is 3a8b (base 13) in base 12?
4a38
What is 213223 (base 6) in base 7?
102156
-363 (base 16) to base 8
-1543
Convert -21020 (base 3) to base 13.
-120
-729c (base 13) to base 6
-201210
1242 (base 8) to base 14
362
What is -315 (base 13) in base 10?
-525
-344 (base 12) to base 9
-587
Convert -19c46 (base 14) to base 16.
-fff6
1633 (base 7) to base 3
220111
Convert -1233 (base 6) to base 13.
-1aa
What is -6488 (base 9) in base 8?
-11252
What is -12682 (base 9) in base 8?
-20603
What is -101 (base 3) in base 15?
-a
What is -121220002 (base 3) in base 6?
-133002
-118 (base 9) to base 3
-10122
Convert -110211 (base 7) to base 9.
-28440
Convert 12252 (base 6) to base 13.
aac
-2a5d (base 16) to base 3
-112212200
1b (base 14) to base 3
221
Convert -110110100110 (base 2) to base 3.
-11210102
Convert 81b (base 15) to base 10.
1826
What is -15451 (base 8) in base 11?
-5251
Convert -1100100001 (base 2) to base 9.
-1080
What is -453 (base 6) in base 5?
-1202
-2022323 (base 4) to base 16
-22bb
Convert 10322 (base 5) to base 8.
1310
-43f (base 16) to base 14
-579
-13200132 (base 4) to base 3
-1120011220
What is -1122331 (base 4) in base 2?
-1011010111101
What is -52713 (base 9) in base 14?
-c9aa
22505 (base 6) to base 8
6211
What is -110245 (base 6) in base 10?
-9173
b159 (base 13) to base 6
305002
What is 2312021 (base 4) in base 16?
2d89
4511 (base 7) to base 16
659
What is -1320 (base 8) in base 6?
-3200
Convert -22122022 (base 3) to base 14.
-241d
What is -86d8 (base 15) in base 16?
-6f89
What is 12015 (base 6) in base 11?
1341
What is -682 (base 9) in base 8?
-1060
1175 (base 11) to base 4
113332
Convert -7530 (base 11) to base 16.
-26e3
2044 (base 12) to base 11
26aa
241411 (base 5) to base 4
2030111
What is 1413 (base 9) in base 16?
429
Convert 431 (base 12) to base 9.
751
Convert -12331 (base 4) to base 16.
-1bd
-654 (base 7) to base 15
-173
-10331 (base 7) to base 12
-15a2
Convert 2812 (base 11) to base 7.
13423
155 (base 10) to base 4
2123
Convert 4324 (base 7) to base 11.
1178
What is -2681 (base 12) in base 16?
-1141
123 (base 4) to base 11
25
What is -1331303 (base 4) in base 2?
-1111101110011
Convert -110001101 (base 2) to base 15.
-1b7
What is -111010000010 (base 2) in base 4?
-322002
16a0 (base 15) to base 4
1030023
-b5 (base 14) to base 12
-113
What is -241230 (base 6) in base 13?
-9768
189 (base 11) to base 14
118
-1334 (base 5) to base 4
-3123
Convert 104132 (base 5) to base 12.
2157
2b20 (base 14) to base 2
1110111111000
Convert -2a50 (base 11) to base 13.
-1a31
211211 (base 3) to base 5
4431
Convert -3442 (base 5) to base 11.
-412
-13462 (base 9) to base 3
-110112002
Convert 1170 (base 8) to base 2.
1001111000
What is -11521 (base 6) in base 13?
-a12
Convert 411314 (base 6) to base 3.
1122220101
What is d7e (base 16) in base 14?
138a
Convert -2838 (base 10) to base 8.
-5426
What is -20133 (base 4) in base 12?
-393
Convert 198 (base 10) to base 13.
123
-24443 (base 6) to base 4
-320223
Convert -110020100 (base 3) to base 13.
-40a1
Convert -31953 (base 10) to base 7.
-162105
311 (base 15) to base 14
375
11132 (base 4) to base 15
185
-2593a (base 11) to base 6
-443341
What is -23123 (base 4) in base 6?
-3215
629 (base 13) to base 15
49e
Convert 5ab (base 14) to base 10.
1131
What is -468b (base 13) in base 2?
-10011010111101
Convert 634 (base 11) to base 3.
1001021
What is 10111000011 (base 2) in base 5?
21400
-1765 (base 10) to base 3
-2102101
What is 111012022 (base 3) in base 14?
3712
Convert 318 (base 13) to base 12.
380
-